75*s - 11*s**2 + 26*s. What is o(-2)?
6
Suppose 10*n + 186 = -52*n. Let s(c) = 5*c**2 - 3. Determine s(n).
42
Let z(c) = -c**3 + 4*c**2 - 2*c + 2. Let j = -72 + 74. Suppose 5*k - 49 = -j*k. Suppose 0*m - k*m + 21 = 0. Give z(m).
5
Let i(s) = -s**2 - 3*s + 5. Suppose -231*a + 187*a = 308. Determine i(a).
-23
Let o be (16/(-10) - -1)/(3/(-15)). Let p(j) = -o + 42*j + 7 - 41*j. Let h(a) = -a - 5. Let c(m) = 4*h(m) + 3*p(m). Determine c(-6).
-2
Let r(a) be the third derivative of 23*a**5/60 - 29*a**4/6 + 2*a**3/3 + 13292*a**2. Calculate r(5).
-1
Suppose 0 = -72*j + 67*j - 2*n + 38, -5*j = -5*n + 25. Let t(b) = b**3 - 5*b**2 - 6*b. Let i be t(6). Let r(l) = 4*l**2 - 2 - 3*l + i + l - l**3. Give r(j).
-10
Let w be ((-2)/6)/(1/(-9)). Suppose 2*x = -3*x + 20, w*x = f + 14. Let j(i) be the third derivative of -i**4/12 - i**3/2 - 4*i**2 - 396*i. Calculate j(f).
1
Let g(o) = 14*o - 14. Let w be g(1). Suppose 13*y + 5*y - 54 = w. Let i(z) = -z**3 + 4*z + 1. Calculate i(y).
-14
Let m be ((-2 - 2) + 0)/(-4 + 2). Suppose -5*j + 3*c = 18, -m*c = -5*j - c - 26. Let v(k) = -5*k + 1. Let z(n) = -n. Let t(p) = -v(p) + 4*z(p). Give t(j).
-7
Let b(g) = -37 + 85 - 30 - 23 + 13*g**2 + 31*g - g**3. Give b(15).
10
Let x(y) = -7*y**3 - 3*y**2 - 3*y - 1. Let q be (-120)/(-45) - 231/63. What is x(q)?
6
Let m(q) = 2*q - 6. Let u = -8 - -77. Suppose 4*k - 2*c + 387 = 9*k, -227 = -3*k + 4*c. Let z = k - u. Determine m(z).
10
Suppose 0*w + 4*a = -5*w, 41 = 4*w - 5*a. Let y = 1 + w. Let g(v) = 3*v**2 - 1 - v**3 + 785*v - 266*v - 257*v + v**2 - 258*v. Determine g(y).
-6
Let g(o) be the first derivative of -5/4*o**4 + 0*o**3 + 87 + 0*o**2 + o. Suppose 0 = u + 3*u + 4. Give g(u).
6
Let i(q) = 9*q - 106. Let j(a) = -2*a**3 + 2*a**2 + 3*a + 12. Let y be j(0). Let o be i(y). Let w(u) = -3 - 2*u + u - u**2 + 5*u. Give w(o).
1
Let a(j) = -17*j + 5. Let i(w) = -4*w. Let h(l) = -a(l) + 4*i(l). Let v(z) = 3*z + 11. Let f be v(-2). Calculate h(f).
0
Let a be 144/63 + 2/(-7). Let m(b) = -6*b - 6*b**2 + 9*b**2 - 3 + 2 - a*b**2. Suppose -2*j + 4*j - 10 = 0. Give m(j).
-6
Let t(i) = i**2 - 43*i - 88. Let f be t(45). Let g(a) = 321*a**3 - 11*a**2 - 323*a**3 + 6 + 9*a + f. Calculate g(-6).
-10
Suppose -16 - 4 = -4*p. Let y(r) = -r**3 + 4*r**2 + 8*r - 13. Let v be y(p). Let c(q) = -8*q**2 + q + 1. What is c(v)?
-29
Let v(r) = 96 - 29*r + 80*r - 144*r + 83*r. Give v(15).
-54
Let t(o) be the first derivative of 5*o**3/6 - o**2/2 + 172*o + 39. Let w(k) be the first derivative of t(k). Give w(4).
19
Let v = -7708 - -7708. Let y(f) = -27 - f**2 + 32*f - 32*f. Calculate y(v).
-27
Let x(k) be the second derivative of k**4/12 + 4*k**3/3 + 3*k**2 - 3*k. Let w(g) = g**2 - 23*g - 18. Let a be w(6). Let r be 30/(-4) - 60/a. Give x(r).
-1
Let f be -2*2 + (-5 - (-1 - -212)). Let i = f - -218. Let r(w) = -w**2 - 5*w - 2. Give r(i).
4
Let f be (3 + (-18)/(-4))/(20/(-16)). Let p(l) = -l**3 - 31*l**2 - 151*l - 7. Determine p(f).
-1
Let r(y) = 7*y**2 + 2*y. Let f = 2143 - 2142. Let g(l) be the first derivative of -l**3/3 + l + 2. Let z(o) = f*r(o) + 6*g(o). Give z(-4).
14
Suppose 221*a + 105 = 228*a. Let r(q) = -q**2 + 10*q + 25. What is r(a)?
-50
Let v(a) = 2*a**3 - a**2 + 1. Let q(m) = 5*m**3 + 9*m**2 + 2*m + 3. Let i(j) = q(j) - 3*v(j). Give i(12).
24
Let q(o) be the second derivative of -o**7/2520 - o**6/120 + o**5/30 + 35*o**4/12 + 2*o - 2. Let l(y) be the third derivative of q(y). Calculate l(-5).
9
Let v(z) be the third derivative of z**5/60 - 3*z**4/8 - 27*z**3/2 - 6350*z**2. Determine v(14).
-11
Let z(y) = -5*y**3 - 24*y**2 - 11*y - 25. Let l(u) = -4*u**3 - 20*u**2 - 12*u - 24. Let a(d) = -4*l(d) + 3*z(d). Give a(-6).
3
Let y(b) = 11*b - 4. Let g(o) = o**2 - 8*o + 2. Let p(i) = i + 1. Let s(x) = -g(x) + 3*p(x). Let k be s(11). Let r be y(k). Let z(l) = l. What is z(r)?
7
Suppose -8 = 4*b - 35*m + 30*m, -5*m + 29 = 3*b. Let r(w) be the second derivative of 3*w**2 + 1/12*w**4 + 10*w + 0 + 7/6*w**b. Give r(-4).
-6
Let w(x) = -x**2 - 15*x - 22. Suppose 27*j + 79*j + 635 + 531 = 0. What is w(j)?
22
Suppose -2*a + 2*q = -226, 2*a + 0*q + 3*q - 216 = 0. Let l be 2/(-7) + a/21. Let h(c) = -c + 11 + c**2 - l - 4*c. Give h(6).
12
Let t(y) be the second derivative of y**3/3 - 3*y**2/2 - 5*y - 22. Determine t(-2).
-7
Let n = -264 + 271. Let j(c) = 4*c - 6. Let f(l) be the third derivative of -5*l**4/24 + l**3 + l**2. Let a(x) = 2*f(x) + 3*j(x). Give a(n).
8
Let h(c) be the first derivative of c**3/3 + 3*c**2 - 9*c + 22204. Let v(s) = s**3 - 5*s**2 - 7*s - 1. Let k be v(6). What is h(k)?
-2
Let f = 82 - 44. Suppose 5*b - 13 = 2*r, -3*r + f = -4*b + 8*b. Let s(o) = -o**3 + 6*o**2 - 2*o + 5. Give s(r).
-7
Let s(l) = 6*l - 8. Let t(c) = -7*c + 10. Let w(z) = -6*s(z) - 5*t(z). Let m(b) = -3*b + 1. Let x(g) = -m(g) + 2*w(g). Calculate x(0).
-5
Let q(r) = 5*r**2 + r - 3. Let a(m) = -4*m**2 + 5. Let z(j) = 6*a(j) + 5*q(j). Let d be z(-3). Let w(g) = g - 7. Calculate w(d).
2
Let p(x) be the third derivative of 1/24*x**4 + 2 + 1/120*x**6 - 3*x**2 + 0*x + 17/6*x**3 + 1/60*x**5. Give p(0).
17
Let m(o) = 3*o + 87. Let r(i) = 48*i + 1434. Let t(d) = 66*m(d) - 4*r(d). Let z = -80 + 75. What is t(z)?
-24
Let t(x) = -x**3 - 7*x**2 - 8*x - 1. Let l(h) = h**3 - 6*h**2 - 13*h - 4. Let q be l(8). Suppose 9*i - 7*i - q = 3*m, 32 = -5*m + 2*i. Calculate t(m).
11
Let z(o) = -o**3 + 25*o**2 - 2*o + 32. Suppose 4*r = 4*x - 112, r + 36 + 42 = 3*x. Determine z(x).
-18
Let a(n) = n**3 + 4*n**2 + n - 5. Suppose 3*f = 64 + 38. Let p = f - 32. Suppose -2*m + p = -3*d + 4, 0 = -2*m - 2*d - 12. Determine a(m).
-9
Let d(x) = -3*x + 5. Let l be 355 + (-6)/21 + 92/28. Let a = -352 + l. Give d(a).
-13
Let d(t) = -3*t**2 - 6*t - 1. Let l(w) be the third derivative of w**5/12 + 11*w**4/24 + w**3/2 - 79*w**2. Let h(y) = 7*d(y) + 4*l(y). What is h(4)?
-3
Let y be -3*(2 - 12*4/18). Let j be -5*((-10)/y + 114/30). Let i(t) = t**2 - 11*t + 2. Give i(j).
-28
Let s(d) = 4*d + 483 + 487 - 1458 + 483 - d**2. Let h be 2/9 + (-129)/(-27). Give s(h).
-10
Let p(r) = -r**3 - 6*r**2 + 2*r + 1. Suppose 19*x - 15*x - 72 = 0. Suppose 19*w + x = 16*w. Determine p(w).
-11
Let m(k) = -k**3 - 5*k**2 + 3. Suppose -3 + 44 = -4*b - 5*o, -3 = -o. Let x(j) = -17*j - 13*j + 43*j + 23 - 11*j. Let y be x(b). What is m(y)?
3
Let p = 15 - 12. Suppose k = -3*v - 6 - p, -4*k + 2*v = -34. Let r be (5 - k)/(22/10 + -2). Let z(y) = y**3 + 5*y**2 + 3*y + 6. Determine z(r).
-9
Suppose -2*n = 2*n. Let a(r) be the third derivative of -r**7/5040 - r**6/144 - 7*r**5/15 - 13*r**2. Let m(t) be the third derivative of a(t). Give m(n).
-5
Let j(a) be the first derivative of -a**4 + a**3 - 2*a**2 + 3*a + 2268. Calculate j(3).
-90
Let h(f) = -f**3 + 11*f**2 + 9*f + 15. Let t = 1688 + -1676. Calculate h(t).
-21
Suppose -63*s + 8 = -64*s. Let d(g) = -g**2 - 6*g + 21. Let o be d(s). Let t(z) = z**2 - 8*z - 3. Give t(o).
-18
Let r = -261 - -255. Let u(q) = 4*q + 17. Let y be u(r). Let f(w) = -w**3 - 7*w**2 - 4*w + 6. What is f(y)?
34
Let w(x) be the second derivative of 5*x - x**2 + 5/6*x**3 + 0. Give w(-3).
-17
Let h(t) = t**3 + 3*t**2 - 10. Let y(w) = 3*w**3 - w**2 - 14*w - 20. Let j(d) = 2*h(d) - y(d). Determine j(-3).
48
Let o(b) = -17*b**2 + 140*b - 53. Let g(n) = 9*n**2 - 74*n + 29. Let j(y) = -9*g(y) - 5*o(y). Determine j(8).
-12
Let q(g) be the second derivative of g**5/20 + 5*g**4/2 + 29*g**3/3 + 26*g**2 - 70*g - 9. Calculate q(-28).
-4
Let n be (-23*4)/(1 - 0). Let a = n + 84. Let d be a/4 + (-2 - (4 - 3)). Let g(j) = 4*j + 3. Determine g(d).
-17
Let b(n) = 10*n + n**2 - 14*n + 8*n - 3. Let h(w) be the first derivative of w**2/2 + 8*w + 24. Let v be h(-12). Give b(v).
-3
Let s(w) = 4*w**2 + 2 - 608451*w + 3*w**2 + 608462*w + w**3. What is s(-7)?
-75
Let t(u) = u**3 - 4*u**2 - 6*u + 2. Suppose 60*m = -64*m - 2*m + 630. Determine t(m).
-3
Let b(r) = 4*r**3 - 2*r**2 - 2*r + 6. Suppose -10 = -27*o + 22*o + 5*n, n = 1. What is b(o)?
90
Let l(n) = -n**3 - 8*n**2 - 8*n + 3. Suppose w - 4*q - 194 = 0, 4*w = -6*q + 8*q + 776. Let k = w + -201. Determine l(k).
10
Suppose -37*j = 2*j - 468. Suppose 5 - j = a. Let n(q) = -q**3 - 6*q**2 + 4*q. What is n(a)?
21
Let y(n) be the second derivative of n**5/120 + 3*n**4/4 - 5*n**3/6 - 5*n**2/2 + 11*n + 3. Let u(b) be the second derivative of y(b). Determine u(-1